0
Let j(v) = -476*v - 60071. What is j(-126)?
-95
Let r(z) = -71*z**3 - 18*z**2 - 23*z + 31. Give r(-2).
573
Let c(w) = -4645*w - 120789. Give c(-26).
-19
Let v(a) = -3*a**3 - 87*a**2 - 125*a - 2987. Calculate v(-29).
638
Let y(x) = -x**2 + 97*x + 7558. What is y(149)?
-190
Let g(l) = l**3 - 483*l**2 + 20886*l - 2601. Give g(435).
9
Let m(c) = -c**3 - 5*c**2 + 48434*c + 242121. Determine m(-5).
-49
Let t(u) = 2*u**2 - 159*u + 1924. Determine t(14).
90
Let m(k) = 78756*k + 552008. Determine m(-7).
716
Let r(a) = 2*a**3 + 38*a**2 - 110*a + 99. Give r(-22).
-385
Let k(w) = -w**3 - 56*w**2 - 433*w - 216. Determine k(-9).
-126
Let i(j) = 13*j**2 - 1923*j + 17800. What is i(138)?
-2
Let h(y) = y**3 - 29*y**2 - 141*y + 4626. Give h(28).
-106
Let j(n) = -7462*n - 59697. Calculate j(-8).
-1
Let j(r) = -r**3 + 153*r**2 - 1128*r - 4619. What is j(145)?
21
Let f(q) = q**3 + 14*q**2 + 60*q + 43. What is f(-9)?
-92
Let o(p) = 4914*p + 83443. Give o(-17).
-95
Let h(w) = 3258*w - 30641. Determine h(9).
-1319
Let r(o) = 71*o**3 + 2837*o**2 - 102*o - 100. Calculate r(-40).
-820
Let p(g) = g**3 + 78*g**2 + 282*g - 119. Determine p(-74).
917
Let l(n) = -n**2 + 719*n - 89037. What is l(159)?
3
Let t(h) = -3*h**3 + 154*h**2 - 17*h + 6299. What is t(52)?
7
Let c(u) = 612*u - 6748. What is c(11)?
-16
Let h(l) = -3639*l + 94615. Give h(26).
1
Let v(t) = 9*t**3 - 233*t**2 - 26*t - 89. Calculate v(26).
-89
Let j(v) = v**3 - 84*v**2 - 312*v + 32732. Calculate j(83).
-53
Let i(y) = -10*y**2 - 71*y + 216. Give i(-9).
45
Let w(u) = 63773*u - 18749255. Determine w(294).
7
Let j(u) = u**3 - 159*u**2 - 886*u + 12466. Calculate j(164).
1642
Let i(r) = 310000*r + 35959994. Calculate i(-116).
-6
Let y(o) = -2*o**2 - 153*o - 2411. Determine y(-54).
19
Let n(p) = -16*p**2 - 710*p - 4675. Give n(-8).
-19
Let r(f) = 46658*f + 2. Determine r(0).
2
Let q(o) = -111963*o + 224272. What is q(2)?
346
Let h(t) = -t**3 - 200*t**2 + 3666*t + 751. Give h(-217).
5742
Let x(q) = 110*q + 6448. Determine x(-59).
-42
Let w(h) = -2203*h + 44061. What is w(20)?
1
Let u(c) = 586*c - 11288. Calculate u(20).
432
Let g(p) = -p**3 - 11*p**2 + 92*p + 819. Determine g(-15).
339
Let q(w) = 20373*w**2 - 61122*w + 17. Calculate q(3).
8
Let i(d) = -673*d - 185031. What is i(-275)?
44
Let k(x) = -70515*x + 141012. Give k(2).
-18
Let a(g) = 13*g**2 - 150*g + 167. What is a(2)?
-81
Let x(t) = 718*t + 7136. Determine x(-10).
-44
Let a(m) = -2*m**2 - 2117*m + 4235. What is a(2)?
-7
Let w(f) = 143*f - 398. What is w(-1)?
-541
Let z(w) = -1397*w + 39176. Determine z(28).
60
Let t(g) = -g**3 - 13*g**2 - 136*g - 61. What is t(-12)?
1427
Let c(k) = -1408*k - 3901. What is c(-3)?
323
Let v(t) = 2*t**2 - 2889*t - 13091. Calculate v(1449).
-50
Let n(y) = -918*y + 364448. What is n(397)?
2
Let z(h) = -3832*h + 30544. What is z(8)?
-112
Let q(z) = 2*z**3 - 40*z**2 - 122*z - 346. Calculate q(23).
22
Let r(y) = 2158*y - 17184. Calculate r(8).
80
Let x(y) = 2*y**2 - 8256*y + 205158. What is x(25)?
8
Let l(f) = -f**2 + 1465*f - 132676. Determine l(97).
20
Let n(c) = c**3 - 20*c**2 - 5*c + 124. Calculate n(22).
982
Let c(f) = f**3 - 354*f**2 + 8025*f - 34646. Determine c(330).
4
Let g(w) = -w**2 + 6675*w + 241597. Give g(-36).
1
Let w(h) = -2302*h - 12936. Determine w(-6).
876
Let m(p) = 714*p**2 - 260611*p + 353. What is m(365)?
-12
Let n(x) = x**3 + 14*x**2 + 3309*x + 39429. What is n(-12)?
9
Let u(b) = -7*b**2 + 1702*b + 129508. What is u(304)?
4
Let l(k) = 64*k**3 + 4742*k**2 + 445*k + 19. Determine l(-74).
-55
Let v(n) = 1099*n + 59921. What is v(-55)?
-524
Let t(v) = -2*v**3 + 59*v**2 + 397*v - 43. Give t(35).
377
Let t(s) = 13917*s - 68232. What is t(5)?
1353
Let z(n) = 9*n**2 - 1016*n + 27160. Give z(43).
113
Let p(g) = -2310*g**2 + 69300*g + 9. Give p(30).
9
Let p(q) = 37*q + 3722. Give p(-63).
1391
Let k(i) = 281685*i - 17464456. Give k(62).
14
Let y(u) = -350*u**2 - 488*u - 39. Determine y(-1).
99
Let b(v) = 35*v**2 - 2974*v - 87. Determine b(85).
-2
Let d(m) = -2062*m - 1886. Give d(-1).
176
Let j(s) = s**3 - 118*s**2 - 8841*s + 163. Calculate j(170).
-7
Let f(s) = -5*s**2 - 218*s + 2516. Determine f(11).
-487
Let o(c) = -73489*c + 13301511. Calculate o(181).
2
Let y(g) = -3*g**3 - 959*g**2 - 637*g + 631. What is y(-319)?
312
Let n(c) = -4444*c**3 + 8*c**2 - 14*c + 10. What is n(1)?
-4440
Let b(w) = 92*w - 3766. What is b(54)?
1202
Let v(z) = z**3 + 78*z**2 + 1159*z - 4. What is v(-58)?
54
Let o(v) = -2797*v + 61104. Give o(22).
-430
Let u(r) = r**2 - 32448*r - 4169727. What is u(-128)?
1
Let s(g) = -g**3 - 15*g**2 + 28*g + 198. Determine s(-11).
-594
Let i(n) = 46*n**2 - 5*n + 5. What is i(1)?
46
Let d(y) = -y**3 - 32*y**2 + 413*y + 13370. Give d(-31).
-394
Let i(c) = -c**3 + 128*c + 329. Give i(-10).
49
Let t(f) = -11*f**2 + 99*f - 219. What is t(6)?
-21
Let c(s) = -21*s**2 + 1994*s + 95. Give c(95).
0
Let k(j) = -3*j**3 + 178*j + 728. What is k(-4)?
208
Let m(u) = -7*u**3 - 1160*u**2 - 928*u - 16993. Give m(-165).
2
Let x(y) = -y**3 + 69*y**2 + 161*y - 15601. Give x(68).
-29
Let g(y) = -5146*y - 10425. Calculate g(-2).
-133
Let g(u) = 10741*u - 128886. Calculate g(12).
6
Let h(p) = 14*p**2 + 1299*p + 280. Calculate h(-90).
-3230
Let t(x) = x**2 + 89*x - 17735. Calculate t(-185).
25
Let d(r) = 10*r**3 + 939*r**2 - 87*r + 709. Determine d(-94).
51
Let v(p) = 548*p - 41603. Calculate v(76).
45
Let g(c) = 21549*c + 86774. Give g(-4).
578
Let j(l) = -l**2 + 37361*l + 785181. Calculate j(-21).
159
Let z(p) = -26109*p + 470346. What is z(18)?
384
Let d(o) = 5024*o - 105451. Calculate d(21).
53
Let h(q) = 46*q**2 - 1217*q + 33. Determine h(26).
-513
Let f(s) = s**2 - 137*s + 283. Give f(135).
13
Let l(v) = 86*v**3 + 13*v**2 - 210*v + 198. Give l(1).
87
Let i(s) = -8*s**2 + 645*s - 3942. What is i(74)?
-20
Let q(l) = -l**3 + 98*l**2 + 207*l - 377. What is q(100)?
323
Let q(b) = 14*b**3 - 5210*b**2 + 731*b + 4813. Calculate q(372).
-23
Let l(g) = g**3 + 8*g**2 - 324*g - 2173. Give l(-19).
12
Let u(n) = 3*n**3 - 105*n**2 + 581*n + 49. Determine u(28).
-147
Let q(h) = 24*h**3 + h**2 - 351*h + 1394. What is q(4)?
1542
Let x(o) = 859*o - 9440. What is x(11)?
9
Let z(m) = -2*m**2 - 151*m + 1558. Give z(9).
37
Let p(r) = 422064*r - 2532382. What is p(6)?
2
Let y(m) = m**3 - 328*m**2 - 3365*m - 5107. Determine y(338).
-37
Let j(m) = -m**2 - 903*m - 33653. Give j(-39).
43
Let j(i) = i**3 - 142*i + 22. Calculate j(9).
-527
Let d(m) = -m**2 + 20*m + 50. What is d(13)?
141
Let p(s) = 21*s**2 + 670*s - 9200. Determine p(13).
3059
Let g(m) = -11*m**3 + 70*m**2 - 76*m - 17. Calculate g(2).
23
Let o(y) = y**2 - 2051*y + 314624. Give o(167).
-4
Let x(f) = -46*f**2 + 60*f - 167. Determine x(4).
-663
Let f(a) = 2102*a - 407762. Give f(194).
26
Let u(p) = -p**3 - 31*p**2 - 189*p + 141. Give u(-22).
-57
Let h(c) = -c**3 - 678*c**2 - 24946*c - 16015. Determine h(-639).
-40
Let x(k) = 12*k**2 + 1346*k - 111. Calculate x(-111).
-1665
Let q(c) = 8007*c + 57756. Determine q(-7).
1707
Let i(o) = -o**3 - 153*o**2 + 953*o + 27. Determine i(-159).
186
Let l(k) = 5732*k**2 + 120375*k + 86. Calculate l(-21).
23
Let p(v) = v**3 - v**2 - 19*v + 6. Determine p(-6).
-132
Let u(q) = 516806*q - 15504175. Calculate u(30).
5
Let w(n) = -1119*n + 28148. Give w(25).
173
Let d(f) = 11*f**2 + 6239*f + 339638. Give d(-61).
-10
Let u(q) = 11*q**3 + 15*q**2 - 181*q + 88. What is u(-5)?
-7
Let m(o) = 18*o**2 - 50*o + 354. Determine m(12).
2346
Let u(i) = -i**3 + 250*i**2 - 15518*i - 799. Determine u(115).
6
Let p(r) = -41310*r - 82607. Determine p(-2).
13
Let a(j) = -569*j**2 + 28452*j + 4. Calculate a(50).
104
Let q(b) = -7331203*b + 7331199. Calculate q(1).
-4
Let l(j) = -451*j**2 + 443*j - 964. Give l(2).
-1882
Let q(n) = -640*n - 115258. Calculate q(-180).
-58
Let f(y) = 537*y - 33529. What is f(61)?
-772
Let r(a) = -179169*a - 9854301. Calculate r(-55).
-6
Let f(i) = 36*i**3 + 3*i**2 + 2*i - 10. What is f(2)?
294
Let h(o) = 18769*o - 112645. Give h(6).
-31
Let b(t) = -t**2 - 7504*t + 14139829. Give b(1560).
-11
Let f(k) = -49*k**2 + 432*k + 2190. Determine f(-5).
-1195
Let v(h) = 54*h**2 + 1165*h + 684. Determine v(-21).
33
Let w(c) = -1715*c - 59335. What is w(-35)?
690
Let h(u) = -u**2 + 177*u - 7617. Calculate h(77).
83
Let u(s) = 5*s**2 + 1084*s - 5426. Give